{"id":82,"date":"2025-01-26T11:02:55","date_gmt":"2025-01-26T11:02:55","guid":{"rendered":"https:\/\/carolinaspanish.com\/?page_id=82"},"modified":"2025-01-26T11:02:55","modified_gmt":"2025-01-26T11:02:55","slug":"gracias","status":"publish","type":"page","link":"https:\/\/carolinaspanish.com\/index.php\/gracias\/","title":{"rendered":"\u00a1Gracias!"},"content":{"rendered":"\n<p><a><\/a>Has reservado una clase conmigo. \u00a1Nos vemos pronto!<\/p>\n\n\n<div class=\"wp-block-image\">\n<figure class=\"aligncenter size-full is-resized\"><img loading=\"lazy\" decoding=\"async\" width=\"512\" height=\"512\" src=\"https:\/\/carolinaspanish.com\/wp-content\/uploads\/2025\/01\/bandera_icono.jpg\" alt=\"aprender espa\u00f1ol con Carolina es una garant\u00eda de \u00e9xto. es ling\u00fc\u00edsta especializada en el espa\u00f1ol y su ense\u00f1anza y, madrile\u00f1a de malasa\u00f1a\" class=\"wp-image-8\" style=\"width:431px;height:auto\" srcset=\"https:\/\/carolinaspanish.com\/wp-content\/uploads\/2025\/01\/bandera_icono.jpg 512w, https:\/\/carolinaspanish.com\/wp-content\/uploads\/2025\/01\/bandera_icono-300x300.jpg 300w, https:\/\/carolinaspanish.com\/wp-content\/uploads\/2025\/01\/bandera_icono-150x150.jpg 150w\" sizes=\"auto, (max-width: 512px) 100vw, 512px\" \/><\/figure>\n<\/div>\n\n\n<p>Date un paseo por mi<a href=\"https:\/\/carolinaspanish.com\/\"> pagina web<\/a><\/p>\n\n\n<div class=\"wp-block-image\">\n<figure class=\"aligncenter size-full\"><img loading=\"lazy\" decoding=\"async\" width=\"512\" height=\"512\" src=\"https:\/\/carolinaspanish.com\/wp-content\/uploads\/2025\/01\/cropped-ondeante512.jpg\" alt=\"Habla espa\u00f1ol y enriquece tu alma\" class=\"wp-image-22\" srcset=\"https:\/\/carolinaspanish.com\/wp-content\/uploads\/2025\/01\/cropped-ondeante512.jpg 512w, https:\/\/carolinaspanish.com\/wp-content\/uploads\/2025\/01\/cropped-ondeante512-300x300.jpg 300w, https:\/\/carolinaspanish.com\/wp-content\/uploads\/2025\/01\/cropped-ondeante512-150x150.jpg 150w, https:\/\/carolinaspanish.com\/wp-content\/uploads\/2025\/01\/cropped-ondeante512-270x270.jpg 270w, https:\/\/carolinaspanish.com\/wp-content\/uploads\/2025\/01\/cropped-ondeante512-192x192.jpg 192w, https:\/\/carolinaspanish.com\/wp-content\/uploads\/2025\/01\/cropped-ondeante512-180x180.jpg 180w, https:\/\/carolinaspanish.com\/wp-content\/uploads\/2025\/01\/cropped-ondeante512-32x32.jpg 32w\" sizes=\"auto, (max-width: 512px) 100vw, 512px\" \/><figcaption class=\"wp-element-caption\">Carolina, The Spanish Personal Teacher<\/figcaption><\/figure>\n<\/div>\n\n\n<p><\/p>\n","protected":false},"excerpt":{"rendered":"<p>Has reservado una clase conmigo. \u00a1Nos vemos pronto! Date un paseo por mi pagina web<\/p>\n","protected":false},"author":1,"featured_media":0,"parent":0,"menu_order":0,"comment_status":"closed","ping_status":"closed","template":"","meta":{"footnotes":""},"class_list":["post-82","page","type-page","status-publish","hentry"],"_links":{"self":[{"href":"https:\/\/carolinaspanish.com\/index.php\/wp-json\/wp\/v2\/pages\/82","targetHints":{"allow":["GET"]}}],"collection":[{"href":"https:\/\/carolinaspanish.com\/index.php\/wp-json\/wp\/v2\/pages"}],"about":[{"href":"https:\/\/carolinaspanish.com\/index.php\/wp-json\/wp\/v2\/types\/page"}],"author":[{"embeddable":true,"href":"https:\/\/carolinaspanish.com\/index.php\/wp-json\/wp\/v2\/users\/1"}],"replies":[{"embeddable":true,"href":"https:\/\/carolinaspanish.com\/index.php\/wp-json\/wp\/v2\/comments?post=82"}],"version-history":[{"count":1,"href":"https:\/\/carolinaspanish.com\/index.php\/wp-json\/wp\/v2\/pages\/82\/revisions"}],"predecessor-version":[{"id":83,"href":"https:\/\/carolinaspanish.com\/index.php\/wp-json\/wp\/v2\/pages\/82\/revisions\/83"}],"wp:attachment":[{"href":"https:\/\/carolinaspanish.com\/index.php\/wp-json\/wp\/v2\/media?parent=82"}],"curies":[{"name":"wp","href":"https:\/\/api.w.org\/{rel}","templated":true}]}}